base 2, what is -11 + -1001110010?
-1001110101
In base 6, what is 33 + 151?
224
In base 4, what is 133132 + -1?
133131
In base 14, what is -5 + 32?
2b
In base 12, what is 1a - -5?
23
In base 8, what is 3 + 67?
72
In base 10, what is 227 - -23?
250
In base 5, what is 0 + 2?
2
In base 11, what is 2 + 1228?
122a
In base 6, what is -253 - -233?
-20
In base 2, what is 1000001 + -10?
111111
In base 4, what is -3 - 113?
-122
In base 13, what is b + -103?
-c5
In base 3, what is 1 + 1110?
1111
In base 6, what is 23450 - 5?
23441
In base 16, what is -33c + -1?
-33d
In base 3, what is -1121021 - 101?
-1121122
In base 2, what is -101011 - -110?
-100101
In base 8, what is 6025 + 1?
6026
In base 13, what is 302 + 2?
304
In base 7, what is 10 + 11?
21
In base 12, what is 64 + -b?
55
In base 3, what is 2120100 - -10?
2120110
In base 6, what is -200 - 0?
-200
In base 2, what is 11010010 - -1?
11010011
In base 13, what is 12 - -76?
88
In base 14, what is -3b3 + 5?
-3ac
In base 8, what is -632 - -2?
-630
In base 4, what is -20 + 1202?
1122
In base 12, what is 1 + 5ba?
5bb
In base 8, what is -10 + -127?
-137
In base 15, what is 359 - -8?
362
In base 11, what is -3 - 95?
-98
In base 8, what is 5 + 1740?
1745
In base 12, what is b182 - -1?
b183
In base 15, what is -4e20 + 1?
-4e1e
In base 2, what is -1101 - -110?
-111
In base 6, what is 3 + -15424?
-15421
In base 7, what is -42 - 10?
-52
In base 8, what is -2150 - 10?
-2160
In base 9, what is 5008 + 5?
5014
In base 15, what is 270d - -3?
2711
In base 4, what is -11330 + -3?
-11333
In base 3, what is -22012 + -221?
-100010
In base 13, what is -59 + -1c?
-78
In base 16, what is 0 + -224?
-224
In base 2, what is 10010000011 + -10?
10010000001
In base 3, what is -2001220 - 1?
-2001221
In base 13, what is 27 - 2c0?
-296
In base 8, what is 51 - -66?
137
In base 16, what is -2 - 6d?
-6f
In base 3, what is 20 + -100?
-10
In base 16, what is -30f6 + 2?
-30f4
In base 6, what is 1 - -25?
30
In base 13, what is -16947 - 5?
-1694c
In base 11, what is 29 - 8a?
-61
In base 14, what is -9 - 60?
-69
In base 5, what is -312 + -111?
-423
In base 4, what is -133 - 13?
-212
In base 4, what is 33 - 211?
-112
In base 14, what is 11 + -7?
8
In base 4, what is -2100303 + -10?
-2100313
In base 8, what is 466 + -14?
452
In base 8, what is -30 - -253?
223
In base 5, what is -2221 + -10?
-2231
In base 15, what is 5 - 57?
-52
In base 2, what is 10010101 - -11000?
10101101
In base 2, what is -1011101 - 1010?
-1100111
In base 6, what is 2 - 255?
-253
In base 9, what is 61 + 5?
66
In base 16, what is -a + 1?
-9
In base 10, what is -2 + -983?
-985
In base 5, what is 2214 - -4?
2223
In base 6, what is 41 - 0?
41
In base 13, what is -69 + -31?
-9a
In base 6, what is -55 - 22?
-121
In base 16, what is 1 + -16d1?
-16d0
In base 11, what is 1076 - -9?
1084
In base 11, what is 62 - 40?
22
In base 3, what is 1 + -110001?
-110000
In base 7, what is 4 - -11?
15
In base 9, what is -7 + -2407?
-2415
In base 11, what is 147 + -12?
135
In base 14, what is 1 + 7?
8
In base 4, what is -1 + -21?
-22
In base 6, what is 100 - 22?
34
In base 8, what is -11 + 7?
-2
In base 2, what is -11 - 11010110?
-11011001
In base 2, what is 100 - 1101?
-1001
In base 12, what is -5b + -223?
-282
In base 12, what is -177 - 2?
-179
In base 14, what is -5 - 365?
-36a
In base 5, what is 132 + 2?
134
In base 3, what is -110 + 11202?
11022
In base 16, what is -1 - -91f?
91e
In base 10, what is 2 + 20?
22
In base 13, what is 24 - -15?
39
In base 5, what is -12 + 1201?
1134
In base 15, what is -18c + 0?
-18c
In base 5, what is 20032 + 1?
20033
In base 16, what is 0 - -11d0?
11d0
In base 16, what is -1 + 150?
14f
In base 6, what is 1250 - -5?
1255
In base 12, what is 2b + -31?
-2
In base 13, what is -93 + 10?
-83
In base 2, what is 10 - 1100?
-1010
In base 4, what is 3 - -101321?
101330
In base 14, what is -4d + 0?
-4d
In base 7, what is 6652 + -3?
6646
In base 14, what is -13bd - -2?
-13bb
In base 2, what is -1001001010101110 - -10?
-1001001010101100
In base 12, what is 215 - -3?
218
In base 7, what is 5 + -2151?
-2143
In base 5, what is -113 - -12?
-101
In base 5, what is -20424 - -4?
-20420
In base 13, what is 14c - 1?
14b
In base 8, what is 230 + -3?
225
In base 3, what is 10 + -202?
-122
In base 16, what is 6 - -3?
9
In base 9, what is 756 + -1?
755
In base 13, what is -28 - 1b?
-46
In base 12, what is a + 5?
13
In base 10, what is 9 - 5?
4
In base 6, what is 0 + 3551?
3551
In base 7, what is 4 - 2145?
-2141
In base 4, what is 111 - 102?
3
In base 16, what is -5 - 1a7?
-1ac
In base 9, what is 3 - -28?
32
In base 7, what is -3 + -322?
-325
In base 7, what is 0 - -55?
55
In base 10, what is -4 - -386?
382
In base 5, what is -123 - -1?
-122
In base 16, what is -12 - -205?
1f3
In base 4, what is 2003 + -10?
1333
In base 2, what is -1011000101 + -101?
-1011001010
In base 6, what is 304 - -13?
321
In base 6, what is 342 + 3?
345
In base 14, what is 941 + -4?
93b
In base 3, what is 202 - 2?
200
In base 16, what is -6 + b?
5
In base 11, what is 18 - 7?
11
In base 8, what is 62 - -15?
77
In base 14, what is 1a2 + 1?
1a3
In base 3, what is -211 - 202000?
-202211
In base 14, what is -8 + -11?
-19
In base 10, what is 4 + 192?
196
In base 2, what is 1001 - -1001001001?
1001010010
In base 11, what is -38 + 3?
-35
In base 10, what is -3 - 30?
-33
In base 5, what is -10303 - 4?
-10312
In base 10, what is 1 - 644?
-643
In base 10, what is 0 + 520?
520
In base 10, what is -7258 - -3?
-7255
In base 15, what is -a - 12?
-1c
In base 3, what is 10200 - -21?
10221
In base 5, what is 3 + -13032?
-13024
In base 4, what is 12023 - -120?
12203
In base 5, what is -2 - -3?
1
In base 2, what is -101 + 1111010?
1110101
In base 3, what is -10010 + -12?
-10022
In base 2, what is -10110011111 + 11?
-10110011100
In base 2, what is -111101011 + -100?
-111101111
In base 11, what is -579 - 3?
-581
In base 6, what is 2441 + -5?
2432
In base 2, what is 101001 + 110?
101111
In base 10, what is 356 - -5?
361
In base 5, what is 3233 + 20?
3303
In base 4, what is -120 + 10312?
10132
In base 14, what is 10 + 11?
21
In base 13, what is 6 - 4?
2
In base 11, what is 7 + 44?
50
In base 7, what is 2520 + 5?
2525
In base 6, what is 25520 + 0?
25520
In base 11, what is -5096 + -3?
-5099
In base 4, what is 10 + -1323?
-1313
In base 15, what is -ac8 + -3?
-acb
In base 3, what is 11110 - 12?
11021
In base 8, what is -57516 + -4?
-57522
In base 14, what is -3 + -a7?
-aa
In base 16, what is 3115 + -4?
3111
In base 10, what is -3 + 141?
138
In base 4, what is 113 - 1130?
-1011
In base 11, what is 7 - 69?
-62
In base 7, what is -351 + -2?
-353
In base 8, what is 3 - -413?
416
In base 15, what is 532 - -4?
536
In base 11, what is 718 + -4?
714
In base 6, what is -1 - 54?
-55
In base 8, what is -5 - 11?
-16
In base 3, what is 10 - -1012?
1022
In base 4, what is 201 + 132?
333
In base 13, what is -11 - -2?
-c
In base 10, what is 7 + -75?
-68
In base 12, what is 33aa + 4?
33b2
In base 2, what is -1 + 1?
0
In base 14, what is -48 + -2?
-4a
In base 2, what is 110110001100 + -101?
110110000111
In base 7, what is 1261 - 6?
1252
In base 6, what is -40 + -3?
-43
In base 12, what is -4 + -995?
-999
In base 10, what is 12 + 4?
16
In base 6, what is 354334 - -2?
354340
In base 16, what is b7 + 16?
cd
In base 5, what is 3021 - -11?
3032
In base 15, what is -9 + -156?
-160
In base 14, what is 2 - 13?
-11
In base 3, what is 101002110 + 2?
101002112
In base 10, what is 10 + 1460?
1470
In base 9, what is 13728 + 0?
13728
In base 4, what is -12 + 10031?
10013
In base 5, what is 214 - 110?
104
In base 16, what is -895 - 9?
-89e
In base 13, what is 3 + 18?
1b
In base 16, what is -1 - 9?
-a
In base 10, what is -292 + -8?
-300
In base 6, what is 2 - 42?
-40
In base 15, what is 4 - -2?
6
In base 6, what is 55 + 4?
103
In base 6, what is 15 - -3?
22
In base 11, what is -111 + -9?
-11a
In base 14, what is -1 + 3c?
3b
In base 2, what is 11110 - 1000010101?
-111110111
In base 5, what is -1011 - -10?
-1001
In base 10, what is -3 + -9?
-12
In base 3, what is -100201 - -2?
-100122
In base 6, what is 2 - 20?
-14
In base 4, what is 0 - -231312?
231312
In base 8, what is 37 + -5?
32
In base 5, what is -1443 - -10?
-1433
In base 5, what is 14 + 1313?
1332
In base 12, what i